{"type":"video","author_name":"Sporx","author_url":"https:\/\/plus.google.com\/+sporx","provider_name":"Sporx","provider_url":"http:\/\/www.sporx.com","title":"Josef de Souza'n\u0131n o\u011flu konu\u015fmay\u0131 \u00f6\u011freniyor!","html":"<iframe width=\"640\" height=\"360\" src=\"http:\/\/sporxtv-p.mncdn.com\/flv\/2015\/10\/20\/9f2511c80cee96a8568a9c16c0c7255f.mp4\" frameborder=\"0\" allowfullscreen><\/iframe>","version":"1.0","width":"640","height":"360","thumbnail_url":"https:\/\/www.sporxtv.com\/flv\/2015\/10\/20\/1445349656_icon.jpg","thumbnail_width":"133","thumbnail_height":"75"}

Josef de Souza'nın oğlu konuşmayı öğreniyor!
