{"type":"video","author_name":"Sporx","author_url":"https:\/\/plus.google.com\/+sporx","provider_name":"Sporx","provider_url":"http:\/\/www.sporx.com","title":"Icardi: \"Galatasaray'\u0131 \u00e7ok \u00f6zledim\"","html":"<iframe width=\"640\" height=\"360\" src=\"http:\/\/sporxtv-p.mncdn.com\/flv\/2025\/08\/13\/353cadb77dc84a22ddb7cc302a8ee8ef.mp4\" frameborder=\"0\" allowfullscreen><\/iframe>","version":"1.0","width":"640","height":"360","thumbnail_url":"https:\/\/www.sporxtv.com\/flv\/2025\/08\/13\/1755071988_icon.jpg","thumbnail_width":"133","thumbnail_height":"75"}

Icardi: "Galatasaray'ı çok özledim"
