{"type":"video","author_name":"Sporx","author_url":"https:\/\/plus.google.com\/+sporx","provider_name":"Sporx","provider_url":"http:\/\/www.sporx.com","title":"Serdal Adal\u0131'dan ola\u011fan\u00fcst\u00fc genel kurul \u00f6ncesi a\u00e7\u0131klama","html":"<iframe width=\"640\" height=\"360\" src=\"http:\/\/sporxtv-p.mncdn.com\/flv\/2025\/06\/20\/cfbffade268891c963d1fd3c777f987d.mp4\" frameborder=\"0\" allowfullscreen><\/iframe>","version":"1.0","width":"640","height":"360","thumbnail_url":"https:\/\/www.sporxtv.com\/flv\/2025\/06\/20\/1750438261_icon.jpg","thumbnail_width":"133","thumbnail_height":"75"}

Serdal Adalı'dan olağanüstü genel kurul öncesi açıklama
