{"type":"video","author_name":"Sporx","author_url":"https:\/\/plus.google.com\/+sporx","provider_name":"Sporx","provider_url":"http:\/\/www.sporx.com","title":"G\u00f6rkem Sa\u011flam'dan Trabzonspor a\u00e7\u0131klamas\u0131","html":"<iframe width=\"640\" height=\"360\" src=\"http:\/\/sporxtv-p.mncdn.com\/flv\/2025\/05\/31\/e8052a699bd8ac665cebac4f03f4681e.mp4\" frameborder=\"0\" allowfullscreen><\/iframe>","version":"1.0","width":"640","height":"360","thumbnail_url":"https:\/\/www.sporxtv.com\/flv\/2025\/05\/31\/1748715967_icon.jpg","thumbnail_width":"133","thumbnail_height":"75"}

Görkem Sağlam'dan Trabzonspor açıklaması
