{"type":"video","author_name":"Sporx","author_url":"https:\/\/plus.google.com\/+sporx","provider_name":"Sporx","provider_url":"http:\/\/www.sporx.com","title":"Orkun K\u00f6k\u00e7\u00fc: \"A Ligi'ne y\u00fckselmek istiyoruz\"","html":"<iframe width=\"640\" height=\"360\" src=\"http:\/\/sporxtv-p.mncdn.com\/flv\/2025\/03\/21\/0ea0ae43280d3a5a1b070e2aea986a6e.mp4\" frameborder=\"0\" allowfullscreen><\/iframe>","version":"1.0","width":"640","height":"360","thumbnail_url":"https:\/\/www.sporxtv.com\/flv\/2025\/03\/21\/1742507165_icon.jpg","thumbnail_width":"133","thumbnail_height":"75"}

Orkun Kökçü: "A Ligi'ne yükselmek istiyoruz"
