{"type":"video","author_name":"Sporx","author_url":"https:\/\/plus.google.com\/+sporx","provider_name":"Sporx","provider_url":"http:\/\/www.sporx.com","title":"Solskjaer'den Semih K\u0131l\u0131\u00e7soy a\u00e7\u0131klamas\u0131","html":"<iframe width=\"640\" height=\"360\" src=\"http:\/\/sporxtv-p.mncdn.com\/flv\/2025\/02\/22\/d1378d262b12dda1a4d0631944bd5738.mp4\" frameborder=\"0\" allowfullscreen><\/iframe>","version":"1.0","width":"640","height":"360","thumbnail_url":"https:\/\/www.sporxtv.com\/flv\/2025\/02\/22\/1740174604_icon.jpg","thumbnail_width":"133","thumbnail_height":"75"}

Solskjaer'den Semih Kılıçsoy açıklaması
